{"id":860,"date":"2018-06-28T16:35:58","date_gmt":"2018-06-28T19:35:58","guid":{"rendered":"https:\/\/isfd174-bue.infd.edu.ar\/sitio\/equipo-directivo-horarios\/"},"modified":"2024-11-12T22:04:23","modified_gmt":"2024-11-13T01:04:23","slug":"equipo-directivo-horarios","status":"publish","type":"page","link":"https:\/\/isfd174-bue.infd.edu.ar\/sitio\/equipo-directivo-horarios\/","title":{"rendered":"Equipo directivo &#8211; Horarios"},"content":{"rendered":"<p style=\"text-align: center;\">\n<ul>\n<li><span style=\"font-family: 'trebuchet ms', geneva; font-size: 12pt;\"><strong>Prof. Lic. Mg.<\/strong>\u00a0<span style=\"color: #800000;\"><strong><span style=\"font-family: 'trebuchet ms', geneva; font-size: 12pt;\">Sebasti\u00e1n M\u00f3naco<\/span><\/strong><\/span>, Director Institucional<\/span><\/li>\n<li><span style=\"font-family: 'trebuchet ms', geneva; font-size: 12pt;\" data-mce-mark=\"1\"><span data-mce-mark=\"1\"><strong>Prof. <span style=\"color: #008000;\">Ariel Grzeskow<\/span>,<\/strong> Vicedirector<\/span><\/span><\/li>\n<li><span style=\"font-family: 'trebuchet ms', geneva; font-size: 12pt;\"><strong>Prof.<\/strong> <span style=\"font-family: 'trebuchet ms', geneva; font-size: 12pt; color: #0000ff;\"><strong>Susana Bel\u00e9n Gonz\u00e1lez L\u00f3pez<\/strong><\/span>\u00a0&#8211;\u00a0Secretaria<\/span><\/li>\n<li><span style=\"font-family: 'trebuchet ms', geneva; font-size: 12pt;\"><strong>Prof. <span style=\"color: #800080;\">Mar\u00eda Laura Calder\u00f3n <\/span><\/strong>&#8211; Prosecretaria<\/span><\/li>\n<li><span style=\"font-family: 'trebuchet ms', geneva; font-size: 12pt;\"><strong>Prof.<\/strong> <strong><span style=\"color: #ff6600;\">Mar\u00eda del Carmen Navarro S\u00e1nchez <\/span><\/strong>&#8211; Regente<\/span><\/li>\n<\/ul>\n<p style=\"text-align: center;\"><strong><span style=\"font-size: 12pt; font-family: 'trebuchet ms', geneva;\">\u00a0<\/span><\/strong><\/p>\n<table style=\"width: 500px;\" border=\"0\" align=\"center\">\n<tbody>\n<tr>\n<td style=\"text-align: center;\"><span style=\"font-size: 12pt;\"><strong>\u00a0Horario<\/strong><\/span><\/td>\n<td style=\"text-align: center;\" align=\"center\"><strong><span style=\"font-family: 'trebuchet ms', geneva; font-size: 12pt;\">Lunes<\/span><\/strong><\/td>\n<\/tr>\n<tr style=\"background-color: #d1d3b0;\">\n<td>\n<p style=\"text-align: center;\"><span style=\"font-family: 'trebuchet ms', geneva; font-size: 12pt;\">Ma\u00f1ana<\/span><\/p>\n<p style=\"text-align: center;\"><span style=\"font-family: 'trebuchet ms', geneva; font-size: 12pt;\">7.30 a 12.00<\/span><\/p>\n<\/td>\n<td><span style=\"font-size: 12pt;\"><strong><span style=\"font-family: 'trebuchet ms', geneva; color: #000080;\">\u00a0<\/span><\/strong><\/span><span style=\"color: #993300; font-size: 12pt;\"><strong><span style=\"font-family: 'trebuchet ms', geneva;\"><strong>Sebasti\u00e1n M\u00f3naco<\/strong><\/span><\/strong><\/span><\/td>\n<\/tr>\n<tr style=\"background-color: #c7e1f9;\">\n<td>\n<p style=\"text-align: center;\"><span style=\"font-family: 'trebuchet ms', geneva; font-size: 12pt;\">Tarde<\/span><\/p>\n<p style=\"text-align: center;\"><span style=\"font-family: 'trebuchet ms', geneva; font-size: 12pt;\">13.00 a 17.30<\/span><\/p>\n<\/td>\n<td><span style=\"font-family: 'trebuchet ms', geneva; font-size: 12pt;\" data-mce-mark=\"1\"><span data-mce-mark=\"1\"><strong><span style=\"color: #008000;\">Ariel Grzeskow<\/span><\/strong><\/span><\/span><\/p>\n<p><span style=\"font-family: 'trebuchet ms', geneva; font-size: 12pt;\"><strong><span style=\"color: #ff6600;\">Mar\u00eda del Carmen Navarro S\u00e1nchez<\/span><\/strong><\/span><\/td>\n<\/tr>\n<tr style=\"background-color: #d1d3b0;\">\n<td>\n<p style=\"text-align: center;\"><span style=\"font-family: 'trebuchet ms', geneva; font-size: 12pt;\">Vespertino<\/span><\/p>\n<p style=\"text-align: center;\"><span style=\"font-family: 'trebuchet ms', geneva; font-size: 12pt;\">17.45 a 22.15<\/span><\/p>\n<\/td>\n<td><span style=\"font-family: 'trebuchet ms', geneva; font-size: 12pt;\"><span style=\"font-family: 'trebuchet ms', geneva; font-size: 12pt; color: #0000ff;\"><strong>Susana Bel\u00e9n Gonz\u00e1lez L\u00f3pez<\/strong><\/span><\/span><\/p>\n<p><span style=\"font-family: 'trebuchet ms', geneva; font-size: 12pt;\"><strong><span style=\"color: #800080;\">Mar\u00eda Laura Calder\u00f3n<\/span><\/strong><\/span><\/td>\n<\/tr>\n<\/tbody>\n<\/table>\n<table style=\"width: 500px; border: 0px solid #000000;\" border=\"0\" align=\"center\">\n<tbody>\n<tr>\n<td><span style=\"font-size: 12pt; font-family: 'trebuchet ms', geneva;\"><strong>\u00a0<\/strong><\/span><\/td>\n<td style=\"text-align: center;\" valign=\"middle\"><span style=\"font-size: 12pt; font-family: 'trebuchet ms', geneva;\"><strong>Martes<\/strong><\/span><\/td>\n<\/tr>\n<tr style=\"background-color: #d1d3b0;\">\n<td>\n<p style=\"text-align: center;\"><span style=\"font-size: 12pt; font-family: 'trebuchet ms', geneva;\">Ma\u00f1ana<\/span><\/p>\n<p style=\"text-align: center;\"><span style=\"font-size: 12pt; font-family: 'trebuchet ms', geneva;\">7.30 a 12.00<\/span><\/p>\n<\/td>\n<td><span style=\"color: #993300;\"><strong><span style=\"font-size: 12pt; font-family: 'trebuchet ms', geneva;\"><strong>Sebasti\u00e1n M\u00f3naco<\/strong><\/span><\/strong><\/span><\/p>\n<p><strong><span style=\"font-family: 'trebuchet ms', geneva; font-size: 16px; color: #000080;\"><span style=\"font-family: 'trebuchet ms', geneva; font-size: 12pt;\"><span style=\"font-family: 'trebuchet ms', geneva; font-size: 12pt; color: #0000ff;\">Susana Bel\u00e9n Gonz\u00e1lez L\u00f3pez<\/span><\/span><\/span><\/strong><\/td>\n<\/tr>\n<tr style=\"background-color: #c7e1f9;\">\n<td>\n<p style=\"text-align: center;\"><span style=\"font-size: 12pt; font-family: 'trebuchet ms', geneva;\">Tarde<\/span><\/p>\n<p style=\"text-align: center;\"><span style=\"font-size: 12pt; font-family: 'trebuchet ms', geneva;\">13.00 a 17.30<\/span><\/p>\n<\/td>\n<td><span style=\"color: #008000; font-size: 12pt; font-family: 'trebuchet ms', geneva;\"><strong><span style=\"color: #008000;\"> <span style=\"font-family: 'trebuchet ms', geneva; font-size: 12pt;\" data-mce-mark=\"1\"><span data-mce-mark=\"1\">Ariel Grzeskow<\/span><\/span><\/span><\/strong><\/span><\/td>\n<\/tr>\n<tr style=\"background-color: #d1d3b0;\">\n<td>\n<p style=\"text-align: center;\"><span style=\"font-size: 12pt; font-family: 'trebuchet ms', geneva;\">Vespertino<\/span><\/p>\n<p style=\"text-align: center;\"><span style=\"font-size: 12pt; font-family: 'trebuchet ms', geneva;\">17.45 a 22.15<\/span><\/p>\n<\/td>\n<td>\n<span style=\"font-family: 'trebuchet ms', geneva; font-size: 12pt;\"><strong><span style=\"color: #800080;\">Mar\u00eda Laura Calder\u00f3n<\/span><\/strong><\/span><\/p>\n<p><strong><span style=\"font-size: 12pt; font-family: 'trebuchet ms', geneva; color: #ff6600;\">Mar\u00eda del Carmen Navarro S\u00e1nchez<\/span><\/strong><\/td>\n<\/tr>\n<\/tbody>\n<\/table>\n<table style=\"width: 500px;\" border=\"0\" align=\"center\">\n<tbody>\n<tr>\n<td><span style=\"font-family: 'trebuchet ms', geneva; font-size: 12pt;\"><strong>\u00a0<\/strong><\/span><\/td>\n<td style=\"text-align: center;\" valign=\"middle\"><span style=\"font-family: 'trebuchet ms', geneva; font-size: 12pt;\"><strong>Mi\u00e9rcoles<\/strong><\/span><\/td>\n<\/tr>\n<tr style=\"background-color: #d1d3b0;\">\n<td>\n<p style=\"text-align: center;\"><span style=\"font-family: 'trebuchet ms', geneva; font-size: 12pt;\">Ma\u00f1ana<\/span><\/p>\n<p style=\"text-align: center;\"><span style=\"font-family: 'trebuchet ms', geneva; font-size: 12pt;\">7.30 a 12.00<\/span><\/p>\n<\/td>\n<td><span style=\"color: #008000;\"><strong><span style=\"color: #008000;\">\u00a0<\/span><\/strong><\/span><span style=\"color: #008000; font-size: 12pt; font-family: 'trebuchet ms', geneva;\"><strong><span style=\"color: #008000;\"><span style=\"font-family: 'trebuchet ms', geneva; font-size: 12pt;\" data-mce-mark=\"1\"><span data-mce-mark=\"1\">Ariel Grzeskow<\/span><\/span><\/span><\/strong><\/span><\/p>\n<p><span style=\"font-family: 'trebuchet ms', geneva; font-size: 12pt;\"><strong><span style=\"color: #800080;\">Mar\u00eda Laura Calder\u00f3n<\/span><\/strong><\/span><\/p>\n<p><strong><span style=\"font-size: 12pt; font-family: 'trebuchet ms', geneva; color: #ff6600;\">Mar\u00eda del Carmen Navarro S\u00e1nchez<\/span><\/strong><\/td>\n<\/tr>\n<tr style=\"background-color: #c7e1f9;\">\n<td>\n<p style=\"text-align: center;\"><span style=\"font-family: 'trebuchet ms', geneva; font-size: 12pt;\">Tarde<\/span><\/p>\n<p style=\"text-align: center;\"><span style=\"font-family: 'trebuchet ms', geneva; font-size: 12pt;\">13.00 a 17.30<\/span><\/p>\n<\/td>\n<td><\/td>\n<\/tr>\n<tr style=\"background-color: #d1d3b0;\">\n<td>\n<p style=\"text-align: center;\"><span style=\"font-family: 'trebuchet ms', geneva; font-size: 12pt;\">Vespertino<\/span><\/p>\n<p style=\"text-align: center;\"><span style=\"font-family: 'trebuchet ms', geneva; font-size: 12pt;\">17.45 a 22.15<\/span><\/p>\n<\/td>\n<td><strong style=\"color: #993300;\"><span style=\"font-family: 'trebuchet ms', geneva; font-size: 16px;\"><strong>Sebasti\u00e1n M\u00f3naco<\/strong><\/span><\/strong><\/p>\n<p><span style=\"color: #000080;\"><strong style=\"font-family: 'trebuchet ms', geneva; font-size: 16px;\"><strong><span style=\"font-family: 'trebuchet ms', geneva; font-size: 16px; color: #000080;\"><span style=\"font-family: 'trebuchet ms', geneva; font-size: 12pt;\"><span style=\"font-family: 'trebuchet ms', geneva; font-size: 12pt; color: #0000ff;\">Susana Bel\u00e9n Gonz\u00e1lez L\u00f3pez<\/span><\/span><\/span><\/strong><\/strong><\/span><\/td>\n<\/tr>\n<\/tbody>\n<\/table>\n<table style=\"width: 500px;\" border=\"0\" align=\"center\">\n<tbody>\n<tr>\n<td><span style=\"font-size: 12pt; font-family: 'trebuchet ms', geneva;\"><strong>\u00a0<\/strong><\/span><\/td>\n<td style=\"text-align: center;\"><span style=\"font-size: 12pt; font-family: 'trebuchet ms', geneva;\"><strong>Jueves<\/strong><\/span><\/td>\n<\/tr>\n<tr style=\"background-color: #d1d3b0;\">\n<td>\n<p style=\"text-align: center;\"><span style=\"font-size: 12pt; font-family: 'trebuchet ms', geneva;\">Ma\u00f1ana<\/span><\/p>\n<p style=\"text-align: center;\"><span style=\"font-size: 12pt; font-family: 'trebuchet ms', geneva;\">7.30 a 12.00<\/span><\/p>\n<\/td>\n<td><span style=\"color: #000080;\"><strong style=\"font-family: 'trebuchet ms', geneva; font-size: 16px;\"><strong><span style=\"font-family: 'trebuchet ms', geneva; font-size: 16px; color: #000080;\"><span style=\"font-family: 'trebuchet ms', geneva; font-size: 12pt;\"><span style=\"font-family: 'trebuchet ms', geneva; font-size: 12pt; color: #0000ff;\">Susana Bel\u00e9n Gonz\u00e1lez L\u00f3pez<\/span><\/span><\/span><\/strong><\/strong><\/span><\/td>\n<\/tr>\n<tr style=\"background-color: #c7e1f9;\">\n<td>\n<p style=\"text-align: center;\"><span style=\"font-size: 12pt; font-family: 'trebuchet ms', geneva;\">Tarde<\/span><\/p>\n<p style=\"text-align: center;\"><span style=\"font-size: 12pt; font-family: 'trebuchet ms', geneva;\">13.00 a 17.30<\/span><\/p>\n<\/td>\n<td><span style=\"font-family: 'trebuchet ms', geneva; font-size: 12pt;\"><span style=\"color: #993300;\"><strong>Sebasti\u00e1n M\u00f3naco<\/strong><\/span><\/span><\/p>\n<p><span style=\"font-family: 'trebuchet ms', geneva; font-size: 12pt;\"><strong><span style=\"color: #800080;\">Mar\u00eda Laura Calder\u00f3n<\/span><\/strong><\/span><\/td>\n<\/tr>\n<tr style=\"background-color: #d1d3b0;\">\n<td>\n<p style=\"text-align: center;\"><span style=\"font-size: 12pt; font-family: 'trebuchet ms', geneva;\">Vespertino<\/span><\/p>\n<p style=\"text-align: center;\"><span style=\"font-size: 12pt; font-family: 'trebuchet ms', geneva;\">17.45 a 22.15<\/span><\/p>\n<\/td>\n<td><span style=\"font-size: 12pt; font-family: 'trebuchet ms', geneva; color: #000080;\"><strong> <span style=\"color: #008000; font-size: 12pt; font-family: 'trebuchet ms', geneva;\"><span style=\"color: #008000;\"><span style=\"font-family: 'trebuchet ms', geneva; font-size: 12pt;\" data-mce-mark=\"1\"><span data-mce-mark=\"1\">Ariel Grzeskow<\/span><\/span><\/span><\/span><\/strong><\/span><\/p>\n<p><strong><span style=\"font-family: 'trebuchet ms', geneva; font-size: 12pt; color: #ff6600;\">Mar\u00eda del Carmen Navarro S\u00e1nchez<\/span><\/strong><\/td>\n<\/tr>\n<\/tbody>\n<\/table>\n<table style=\"width: 500px;\" border=\"0\" align=\"center\">\n<tbody>\n<tr>\n<td><span style=\"font-family: 'trebuchet ms', geneva; font-size: 12pt;\"><strong>\u00a0<\/strong><\/span><\/td>\n<td style=\"text-align: center;\"><span style=\"font-family: 'trebuchet ms', geneva; font-size: 12pt;\"><strong>Viernes<\/strong><\/span><\/td>\n<\/tr>\n<tr style=\"background-color: #d1d3b0;\">\n<td>\n<p style=\"text-align: center;\"><span style=\"font-family: 'trebuchet ms', geneva; font-size: 12pt;\">Ma\u00f1ana<\/span><\/p>\n<p style=\"text-align: center;\"><span style=\"font-family: 'trebuchet ms', geneva; font-size: 12pt;\">7.30 a 12.00<\/span><\/p>\n<\/td>\n<td><span style=\"color: #008000;\"><strong><span style=\"color: #008000;\"> <span style=\"font-family: 'trebuchet ms', geneva; font-size: 12pt; color: #000080;\">\u00a0<\/span><span style=\"font-family: 'trebuchet ms', geneva; font-size: 12pt; color: #993300;\">M\u00f3naco, Sebasti\u00e1n<\/span><\/span><\/strong><\/span><\/p>\n<p><span style=\"color: #000080;\"><strong style=\"font-family: 'trebuchet ms', geneva; font-size: 16px;\"><strong><span style=\"font-family: 'trebuchet ms', geneva; font-size: 16px; color: #000080;\"><span style=\"font-family: 'trebuchet ms', geneva; font-size: 12pt;\"><span style=\"font-family: 'trebuchet ms', geneva; font-size: 12pt; color: #0000ff;\">Susana Bel\u00e9n Gonz\u00e1lez L\u00f3pez<\/span><\/span><\/span><\/strong><\/strong><\/span><\/p>\n<p><strong style=\"color: #ff6600;\"><span style=\"font-family: 'trebuchet ms', geneva; font-size: 16px;\">Mar\u00eda del Carmen Navarro S\u00e1nchez<\/span><\/strong><\/td>\n<\/tr>\n<tr style=\"background-color: #c7e1f9;\">\n<td>\n<p style=\"text-align: center;\"><span style=\"font-family: 'trebuchet ms', geneva; font-size: 12pt;\">Tarde<\/span><\/p>\n<p style=\"text-align: center;\"><span style=\"font-family: 'trebuchet ms', geneva; font-size: 12pt;\">13.00 a 17.30<\/span><\/p>\n<\/td>\n<td><span style=\"font-family: 'trebuchet ms', geneva; font-size: 12pt; color: #000080;\"><strong> <span style=\"font-family: 'trebuchet ms', geneva; font-size: 12pt;\"><span style=\"color: #800080;\">Mar\u00eda Laura Calder\u00f3n<\/span><\/span><\/strong><\/span><\/td>\n<\/tr>\n<tr style=\"background-color: #d1d3b0;\">\n<td>\n<p style=\"text-align: center;\"><span style=\"font-family: 'trebuchet ms', geneva; font-size: 12pt;\">Vespertino<\/span><\/p>\n<p style=\"text-align: center;\"><span style=\"font-family: 'trebuchet ms', geneva; font-size: 12pt;\">17.45 a 22.15<\/span><\/p>\n<\/td>\n<td><span style=\"font-family: 'trebuchet ms', geneva; font-size: 12pt;\"> <span style=\"font-size: 12pt; font-family: 'trebuchet ms', geneva; color: #000080;\"><strong><span style=\"color: #008000; font-size: 12pt; font-family: 'trebuchet ms', geneva;\"><span style=\"color: #008000;\"><span data-mce-mark=\"1\">Ariel Grzeskow<\/span><\/span><\/span><\/strong><\/span><\/span><\/td>\n<\/tr>\n<\/tbody>\n<\/table>\n","protected":false},"excerpt":{"rendered":"<p>Prof. Lic. Mg.\u00a0Sebasti\u00e1n M\u00f3naco, Director Institucional Prof. Ariel Grzeskow, Vicedirector Prof. Susana Bel\u00e9n Gonz\u00e1lez L\u00f3pez\u00a0&#8211;\u00a0Secretaria Prof. Mar\u00eda Laura Calder\u00f3n &#8211; Prosecretaria Prof. Mar\u00eda del Carmen Navarro S\u00e1nchez &#8211; Regente \u00a0 \u00a0Horario Lunes Ma\u00f1ana 7.30 a 12.00 \u00a0Sebasti\u00e1n M\u00f3naco Tarde 13.00 a 17.30 Ariel Grzeskow Mar\u00eda del Carmen Navarro S\u00e1nchez Vespertino 17.45 a 22.15 Susana Bel\u00e9n &#8230; <a title=\"Equipo directivo &#8211; Horarios\" class=\"read-more\" href=\"https:\/\/isfd174-bue.infd.edu.ar\/sitio\/equipo-directivo-horarios\/\" aria-label=\"More on Equipo directivo &#8211; Horarios\">[+]<\/a><\/p>\n","protected":false},"author":1352,"featured_media":0,"parent":0,"menu_order":0,"comment_status":"closed","ping_status":"closed","template":"","meta":[],"acf":[],"_links":{"self":[{"href":"https:\/\/isfd174-bue.infd.edu.ar\/sitio\/wp-json\/wp\/v2\/pages\/860"}],"collection":[{"href":"https:\/\/isfd174-bue.infd.edu.ar\/sitio\/wp-json\/wp\/v2\/pages"}],"about":[{"href":"https:\/\/isfd174-bue.infd.edu.ar\/sitio\/wp-json\/wp\/v2\/types\/page"}],"author":[{"embeddable":true,"href":"https:\/\/isfd174-bue.infd.edu.ar\/sitio\/wp-json\/wp\/v2\/users\/1352"}],"replies":[{"embeddable":true,"href":"https:\/\/isfd174-bue.infd.edu.ar\/sitio\/wp-json\/wp\/v2\/comments?post=860"}],"version-history":[{"count":10,"href":"https:\/\/isfd174-bue.infd.edu.ar\/sitio\/wp-json\/wp\/v2\/pages\/860\/revisions"}],"predecessor-version":[{"id":2693,"href":"https:\/\/isfd174-bue.infd.edu.ar\/sitio\/wp-json\/wp\/v2\/pages\/860\/revisions\/2693"}],"wp:attachment":[{"href":"https:\/\/isfd174-bue.infd.edu.ar\/sitio\/wp-json\/wp\/v2\/media?parent=860"}],"curies":[{"name":"wp","href":"https:\/\/api.w.org\/{rel}","templated":true}]}}